 Suppose 3*d = 4*d - h. Calculate the remainder when 26 is divided by d.
12
Calculate the remainder when (-3734)/(-10) + 244/(-610) is divided by 77.
65
Suppose -222 = -5*x - 12. Calculate the remainder when 191 is divided by x.
23
Let r(u) = 11*u**2 - u - 1. Let q = 2002 + -1960. Calculate the remainder when q is divided by r(-1).
9
Let z(s) = 2 - 5*s - s**2 - 2*s + 2*s. Let u(i) = i**3 - i**2 + i + 3. What is the remainder when u(2) is divided by z(-4)?
3
Suppose -8*k = -5*k - 120. Let p = k + -24. Calculate the remainder when 61 is divided by p.
13
Let t be ((-6)/9)/((-5)/(-15)). Let f(h) = -h**3 + 7*h**2 + 12*h - 6. What is the remainder when f(6) is divided by 5*14/(-4)*t?
32
Suppose -l + 1 = 0, -5*y + l = -198 - 76. Let n = -27 + 9. Calculate the remainder when y is divided by (-82)/(-4) + 27/n.
17
Let u(z) = 13*z**2 - 3*z. Let o be u(-4). Suppose -o = -4*a - 4*t, 0 = -2*a - 2*a - 2*t + 228. What is the remainder when a is divided by 15?
14
Suppose 8*k - 7*k - 1 = 0, -5*z = -5*k - 1010. Calculate the remainder when z is divided by 104.
99
Let n(i) = -i**3 - 14*i**2 - 51*i + 3. Let p = -10 - -14. Suppose -w = p*w - 410. What is the remainder when w is divided by n(-6)?
19
Let a(z) = 24*z - 595. Calculate the remainder when 192 is divided by a(26).
18
Let n(f) = -2 - 8 - 6 + 5*f. Suppose -2*k + 0*x + 158 = -2*x, -k + 5*x + 63 = 0. What is the remainder when k is divided by n(6)?
13
Suppose 262 = 4*j + 5*b, -5*j + 7*b = 4*b - 309. Suppose -5*z + 37 = 2*c, 5*c + 29*z - 32*z = 139. What is the remainder when j is divided by c?
11
Suppose -855 = -25*y + 770. What is the remainder when y is divided by 17?
14
Let j(t) = 4*t + 3. Let g be j(6). Suppose -4*m = -m - g. Suppose p = 2*l - 7*l + 75, -m = l + 5*p. Calculate the remainder when 45 is divided by l.
13
Let u be 93/2 + (-33)/(-22). Let f = -34 + u. Suppose 8 = -d + 4*b, 2*d + 0*b - 2*b = f. What is the remainder when 34 is divided by d?
10
Suppose -g + 2*g = -5. Let k = g - -10. Suppose 5*s + k*u - 460 = 0, 0*s - 95 = -s + 2*u. What is the remainder when s is divided by 24?
21
Suppose v = -8*q + 3*q + 27, -2*v = 3*q - 12. Let f(l) = l**3 - 5*l**2 - 6*l + 8. Suppose -u + 19 = -11. What is the remainder when u is divided by f(q)?
6
Calculate the remainder when -1 - ((-18215)/25 + 6/(-15)) is divided by 12.
8
Suppose -392 = -4*f - 12. Let p = f - 42. Calculate the remainder when p is divided by 18.
17
Let z(d) = -d**3 - 11*d**2 - 3*d - 7. Suppose 8*c = 3*c + 240. Suppose 5*u - c = 2. What is the remainder when z(-11) is divided by u?
6
Let k = -104 - -144. What is the remainder when 75 is divided by k?
35
Let g = 5 - -1. Let b = 20 - g. Calculate the remainder when 57685/1411 - 4/(-34) is divided by b.
13
Suppose 285 + 27 = 4*q. Suppose 5*o - o = 2*k - q, o + 6 = 5*k. What is the remainder when (1 - (-1 + 3))*o is divided by 12?
9
Let x = -1384 + 1590. What is the remainder when x is divided by 30?
26
What is the remainder when (-2)/6 - 1168/(-12) is divided by 9?
7
Let j = -1519 - -1577. Calculate the remainder when 636 is divided by j.
56
Suppose -2*d = -10 - 12. Suppose -5*u + 3*g - 23 = -u, 0 = 3*u - g + 16. Calculate the remainder when d is divided by 15/(-6)*6/u.
2
Let o(k) = -4*k**2 + 3*k - 3. Let a(m) = 9*m**2 - 7*m + 7. Let q(b) = -2*a(b) - 5*o(b). What is the remainder when q(-3) is divided by 12?
10
Let y(z) = z**3 + 7*z**2 - z + 5. Let x = 7 + 26. Calculate the remainder when x is divided by y(-7).
9
Let i be (-12)/(-18) - 284/(-6). Suppose -h - 3*h + i = 0. Calculate the remainder when (-4)/3 + (-420)/(-18) is divided by h.
10
Let h = 6 - 12. Let u be 16/h + (-3)/9. Let q(w) = w**2 + w - 1. What is the remainder when q(u) is divided by 4?
1
Suppose -4*m + 81 = 3*j, -j + 2*m = -m - 27. Calculate the remainder when 942 is divided by j.
24
Calculate the remainder when 40 is divided by (-6)/24 - 6*(-70)/16.
14
Let t = 300 + -282. Calculate the remainder when t is divided by 2.
0
Let y = 212 - 226. Suppose -k - 2*b = -3*b + 5, 5*k + b + 43 = 0. What is the remainder when k/y - (-5509)/49 is divided by 29?
26
Suppose 0 = l - 16 - 37. Let n = -38 + l. Let u = n - 10. Calculate the remainder when u is divided by 4.
1
Suppose -1 = -5*t - 6. Let r = t - -5. Suppose 5*f + 3*h = 100, 4*h + 2 = 2*f - 12. Calculate the remainder when f is divided by r.
1
Suppose 10 = h - 4. What is the remainder when (-2 + 3)/4 + (-43089)/(-636) is divided by h?
12
Let d = -25 + 34. Calculate the remainder when 205 is divided by (-78)/(d/(-6)*1).
49
Suppose 12*n = -1239 + 9759. Calculate the remainder when n is divided by 21.
17
Let j be (-10)/6 - (-3)/(-9). Let p be (j/3)/((-7)/798). Suppose -2*k - p = -4*w, 3*w - 2*k - 56 = -0*k. Calculate the remainder when 79 is divided by w.
19
Suppose -7*c + 13*c + 324 = 0. Let z = -33 - c. Suppose i - 6 = -4*s + 13, i + 2*s = 29. What is the remainder when i is divided by z?
18
Suppose -1 - 4 = -5*i. Suppose y - 1 = 2*l, 4*l = -y - 0*l + i. What is the remainder when 50 is divided by (-2 - -3)/y - -16?
16
Suppose 14*n - 240 - 684 = 0. Calculate the remainder when 165 is divided by n.
33
Let n = -32 - -16. Let l = n + -1. Let w = 1 - l. Calculate the remainder when 53 is divided by w.
17
Suppose -2*v + 23 = r, 3*r - 56 = -4*v - 13. What is the remainder when 73 is divided by v?
8
Suppose -c - 151 = -2*m, -13*c + 10 = -11*c. What is the remainder when m is divided by 30?
18
Suppose -13 - 7 = 5*r, 4*u - 2*r = -184. Let d = -45 - u. Calculate the remainder when d is divided by 2.
1
Let y be -11*(2/1 - 3). Let j(n) = 0*n + n**3 - 4*n - 3 + n**2 - y*n**3. Calculate the remainder when j(-2) is divided by 30.
29
Let v = 37 + -37. Suppose v = 4*h - 168 - 212. What is the remainder when h is divided by 32?
31
Suppose 63 = -3*q - 0*y - 3*y, -5*y - 10 = 0. Calculate the remainder when (-2 + 1)*(q + -5) is divided by 14.
10
Suppose -3*c - 5 + 29 = 0. Calculate the remainder when 34 is divided by 1/c + 110/16.
6
Let k = -279 + 545. What is the remainder when k is divided by 9?
5
What is the remainder when 494 is divided by (22 + -20)/(6/165)?
54
What is the remainder when 3*(12 + (-847)/(-33)) is divided by 22?
3
Let n(r) = r**3 - 21*r**2 + 20*r - 121. Calculate the remainder when n(21) is divided by 142.
15
Let u(h) = -2*h**2 - 23*h + 85. Calculate the remainder when 73 is divided by u(-14).
13
Suppose 0 = -d + 5*d - 4*t - 188, 0 = -4*t - 20. Calculate the remainder when d is divided by 10.
2
Let s be ((-14)/4)/(2/(-12)). Suppose -24*x + 102 = -s*x. Calculate the remainder when 202 is divided by x.
32
Let t(h) = 6*h - 14. Let c be t(4). Suppose 0*w + 3*w - 35 = 4*o, 3*w = -5*o - c. Let x(b) = -b + 1. What is the remainder when w is divided by x(-3)?
1
Suppose -2*j + 76 = -506. What is the remainder when j is divided by 42?
39
Let p(d) = -18*d - 125. Calculate the remainder when 147 is divided by p(-9).
36
Let w = 5 - 3. Let k(z) = -z**2 + 3*z. Let p be k(3). Suppose 28 = 4*q - d, p = w*q - d - 3*d - 28. Calculate the remainder when 22 is divided by q.
4
Let y be (-3)/(-12) + 78/8. Let n = 7 - y. Let k(s) = 7*s**2 - 1. Calculate the remainder when k(n) is divided by 16.
14
Let x = -970 - -981. Let y(q) = q**2 - 2*q + 4. Let m be y(-3). Suppose -3*f + 3*s + 15 = 0, 4*f - 9 - m = -4*s. Calculate the remainder when x is divided by f.
5
Suppose 5*j - a = 16, 5*a - 28 = -j - j. Suppose -2*o + j = 0, 12 + 10 = 4*d + o. Calculate the remainder when (d/(-15))/(2/(-228)) is divided by 21.
17
What is the remainder when 25648/80 + 12/(-20) is divided by 19?
16
Suppose 4*q - 1 = 19. Let w = -3 - -3. Suppose w = 13*z - 5*z - 56. Calculate the remainder when z is divided by q.
2
Suppose 5*o - 6 = 49. What is the remainder when 6 - 3 - (-14 - 0) is divided by o?
6
Calculate the remainder when 3 - 22/(-4)*10 is divided by 1 - 1 - (-90 - -5)/5.
7
Let p = 32 - 19. Let u(z) = -z**3 - 3*z**2 + 10*z + 12. What is the remainder when u(-6) is divided by p?
8
Suppose -5*s - 5*l = -66 + 1, s = 4*l + 8. Let k(i) = -i - 3. Suppose -5*n = 2*b + 45, -6*b + 2*b - 5*n = 65. What is the remainder when s is divided by k(b)?
5
Suppose -2*f - 20 = -w + 2*w, -2*w + 16 = -3*f. Let h be (-108)/f*4/6. Suppose 2*n - h = 3. What is the remainder when 17 is divided by n?
5
Suppose 0 = -d - 12. Let l be 2/(32/(-28))*d. Le